37285.
5, 7, 23, 29, 53
List the prime factors of 761424.
2, 3, 29, 547
What are the prime factors of 288837?
3, 67, 479
List the prime factors of 119169.
3, 13241
What are the prime factors of 790851?
3, 239, 1103
List the prime factors of 3311223.
3, 211, 5231
List the prime factors of 1956745.
5, 7, 37, 1511
What are the prime factors of 434471?
434471
List the prime factors of 296912.
2, 7, 11, 241
What are the prime factors of 13138871?
683, 19237
List the prime factors of 14814465.
3, 5, 987631
List the prime factors of 138314.
2, 11, 6287
List the prime factors of 7414545.
3, 5, 79, 6257
What are the prime factors of 2939787?
3, 108881
List the prime factors of 5268270.
2, 3, 5, 7, 25087
List the prime factors of 15461435.
5, 11, 281117
What are the prime factors of 2384010?
2, 3, 5, 26489
List the prime factors of 851519.
851519
List the prime factors of 609761.
233, 2617
List the prime factors of 838831.
7, 17, 19, 53
List the prime factors of 23989301.
7, 457, 7499
List the prime factors of 420365.
5, 11, 7643
What are the prime factors of 518054?
2, 19, 13633
What are the prime factors of 286253?
11, 53, 491
List the prime factors of 11651179.
23, 506573
What are the prime factors of 302042?
2, 13, 11617
What are the prime factors of 11670543?
3, 1296727
What are the prime factors of 63121?
17, 47, 79
List the prime factors of 953043.
3, 7, 13, 3491
What are the prime factors of 2631913?
23, 41, 2791
List the prime factors of 3867240.
2, 3, 5, 13, 37, 67
List the prime factors of 2374605.
3, 5, 52769
List the prime factors of 425879.
425879
What are the prime factors of 23634290?
2, 5, 19, 53, 2347
List the prime factors of 3370679.
13, 251, 1033
What are the prime factors of 505634?
2, 252817
What are the prime factors of 1509401?
139, 10859
List the prime factors of 1056728.
2, 31, 4261
List the prime factors of 17565824.
2, 37, 3709
What are the prime factors of 6214818?
2, 3, 31, 33413
List the prime factors of 1325611.
7, 19, 9967
List the prime factors of 2239521.
3, 746507
List the prime factors of 2081578.
2, 71, 107, 137
List the prime factors of 568701.
3, 7, 17, 59
What are the prime factors of 761725?
5, 30469
List the prime factors of 12747.
3, 7, 607
List the prime factors of 339498.
2, 3, 6287
List the prime factors of 261193.
19, 59, 233
What are the prime factors of 98368?
2, 29, 53
List the prime factors of 688007.
17, 40471
List the prime factors of 3837633.
3, 1279211
List the prime factors of 4240722.
2, 3, 706787
What are the prime factors of 220441?
13, 31, 547
What are the prime factors of 188028?
2, 3, 1741
What are the prime factors of 601816?
2, 75227
What are the prime factors of 11403570?
2, 3, 5, 89, 4271
What are the prime factors of 2770718?
2, 23, 29, 31, 67
List the prime factors of 355281.
3, 19, 23, 271
What are the prime factors of 1311839?
17, 77167
List the prime factors of 9662260.
2, 5, 19, 47, 541
List the prime factors of 7272503.
7, 79, 13151
List the prime factors of 1580359.
11, 143669
What are the prime factors of 2311461?
3, 79, 3251
List the prime factors of 176092.
2, 7, 19, 331
List the prime factors of 22541770.
2, 5, 2254177
What are the prime factors of 149614?
2, 239, 313
What are the prime factors of 1749724?
2, 61, 71, 101
List the prime factors of 39805.
5, 19, 419
What are the prime factors of 163177?
7, 23311
What are the prime factors of 463657?
19, 23, 1061
List the prime factors of 1991880.
2, 3, 5, 11, 503
List the prime factors of 472377.
3, 101, 1559
List the prime factors of 77697.
3, 89, 97
What are the prime factors of 3760?
2, 5, 47
List the prime factors of 2662385.
5, 11, 48407
What are the prime factors of 4039131?
3, 1346377
List the prime factors of 7259581.
7, 233, 4451
What are the prime factors of 7836?
2, 3, 653
List the prime factors of 412312.
2, 51539
What are the prime factors of 522554?
2, 227, 1151
What are the prime factors of 304577?
7, 13, 3347
List the prime factors of 8410156.
2, 103, 137, 149
List the prime factors of 283108.
2, 7, 10111
List the prime factors of 28253798.
2, 19, 23, 32327
List the prime factors of 102091.
11, 9281
List the prime factors of 11513859.
3, 7, 349, 1571
What are the prime factors of 21490377?
3, 37, 193607
What are the prime factors of 288580?
2, 5, 47, 307
What are the prime factors of 1028450?
2, 5, 67, 307
What are the prime factors of 13835883?
3, 577, 7993
List the prime factors of 333352.
2, 41669
List the prime factors of 191277.
3, 53, 401
What are the prime factors of 53602?
2, 26801
List the prime factors of 328633.
328633
List the prime factors of 17658323.
47, 375709
List the prime factors of 3251363.
3251363
What are the prime factors of 175795?
5, 35159
List the prime factors of 10149080.
2, 5, 487, 521
List the prime factors of 1730138.
2, 865069
What are the prime factors of 1740878?
2, 113, 7703
List the prime factors of 3274128.
2, 3, 11, 13, 53
What are the prime factors of 150061?
150061
What are the prime factors of 1870238?
2, 17, 67, 821
List the prime factors of 3463712.
2, 7, 47
List the prime factors of 18627382.
2, 2939, 3169
What are the prime factors of 10126804?
2, 2531701
What are the prime factors of 1490064?
2, 3, 37, 839
What are the prime factors of 381825?
3, 5, 1697
What are the prime factors of 387920?
2, 5, 13, 373
List the prime factors of 1277365.
5, 255473
What are the prime factors of 683924?
2, 19, 8999
List the prime factors of 4993001.
13, 23, 16699
What are the prime factors of 20941364?
2, 29, 73, 2473
What are the prime factors of 4139111?
4139111
What are the prime factors of 25366479?
3, 8455493
What are the prime factors of 86242?
2, 13, 31, 107
What are the prime factors of 815341?
815341
List the prime factors of 2132710.
2, 5, 419, 509
List the prime factors of 9149092.
2, 31, 73783
What are the prime factors of 24306617?
17, 1429801
What are the prime factors of 10622764?
2, 2655691
What are the prime factors of 2989896?
2, 3, 7, 13, 37
What are the prime factors of 374206?
2, 7, 26729
What are the prime factors of 778559?
778559
What are the prime factors of 16107749?
7, 2301107
List the prime factors of 11811989.
7, 241061
List the prime factors of 560446.
2, 280223
What are the prime factors of 61149?
3, 11, 17, 109
What are the prime factors of 380177?
7, 54311
List the prime factors of 269975.
5, 10799
List the prime factors of 10319323.
7, 17, 5101
What are the prime factors of 10656345?
3, 5, 7, 101489
What are the prime factors of 1454467?
7, 29683
What are the prime factors of 55975?
5, 2239
What are the prime factors of 1017116?
2, 254279
List the prime factors of 1318684.
2, 329671
What are the prime factors of 19210048?
2, 11, 13, 2099
What are the prime factors of 747344?
2, 13, 3593
List the prime factors of 6678130.
2, 5, 37, 18049
List the prime factors of 9982992.
2, 3, 31, 6709
List the prime factors of 3155689.
3155689
What are the prime factors of 7277289?
3, 29, 233, 359
List the prime factors of 17596623.
3, 11, 31, 103, 167
What are the prime factors of 1251873?
3, 7, 31, 641
List the prime factors of 118607.
83, 1429
List the prime factors of 29868.
2, 3, 19, 131
List the prime factors of 317241.
3, 101, 349
What are the prime factors of 125874?
2, 3, 7, 37
List the prime factors of 192158.
2, 96079
What are the prime factors of 1924922?
2, 962461
What are the prime factors of 1564412?
2, 391103
What are the prime factors of 180597?
3, 37, 1627
What are the prime factors of 4742?
2, 2371
List the prime factors of 452408.
2, 11, 53, 97
What are the prime factors of 966717?
3, 233, 461
What are the prime factors of 3994720?
2, 5, 24967
List the prime factors of 72633.
3, 11, 31, 71
What are the prime factors of 1196562?
2, 3, 17, 11731
List the prime factors of 201037.
201037
List the prime factors of 20059381.
23, 719, 1213
List the prime factors of 6388046.
2, 7, 31, 41, 359
What are the prime factors of 281449?
7, 31, 1297
What are the prime factors of 690396?
2, 3, 7, 8219
What are the prime factors of 4199386?
2, 23, 91291
List the prime factors of 72833.
173, 421
List the prime factors of 29617.
7, 4231
List the prime factors of 5246035.
5, 673, 1559
List the prime factors of 2269395.
3, 5, 29, 37, 47
List the prime factors of